 digit of o?
1
Suppose 3*k - 7 = -b + 8*k, -b = 3*k + 9. Let m be b/18*-3*4. Suppose -2*z - 3*h = 2*h - 13, -m*h + 14 = 3*z. What is the units digit of z?
4
Suppose -4*y + 3*g = -75, 3*y - 2*y + 3*g - 15 = 0. Let w = y + -40. Let p = 41 + w. What is the units digit of p?
9
What is the units digit of (-134)/(-4) + 2/8*-6?
2
Let v = 162 - 146. What is the tens digit of v?
1
Suppose -1 - 1 = -2*w. Suppose m - 2*c - 10 = 0, 0*m = -4*m - 5*c + w. What is the units digit of m?
4
Suppose -y - 43 = -183. What is the units digit of y?
0
Suppose -4*h + 185 = 5*w, -w = 4*h + h - 16. What is the units digit of w?
1
Let p(m) = 127*m**3 + 2*m**2 - 1. What is the hundreds digit of p(1)?
1
Let l be (-1)/(-1*2/4). Let t = 2 - l. Suppose -4*a - 2*h + t*h + 12 = 0, -3*h = -12. What is the units digit of a?
1
Let r(j) = -3*j + 1. Let t be r(1). What is the units digit of (2/3)/(t/(-15))?
5
Let i(f) be the first derivative of -3/2*f**2 + f - 3. What is the units digit of i(-1)?
4
Let y(v) = v**3 + 9*v**2 - 11*v + 10. What is the units digit of y(-10)?
0
Let j = -7 - 3. Let z = j + 14. What is the units digit of z?
4
Let w(a) = a + 2 + 0 + 4. Let f be w(-5). What is the units digit of f*(2 - -1) + 0?
3
Suppose 2*p - 169 = -7. What is the tens digit of p?
8
What is the units digit of (1 + 0)*(107 - 7)?
0
What is the units digit of 4 + 70 + (-5 - -3)?
2
What is the tens digit of (-2)/(-4) - 165/(-6)?
2
Suppose -8*t + 13*t - 2150 = 0. What is the hundreds digit of t?
4
Let d = 23 - 20. Let i(u) = 5*u + 4. What is the tens digit of i(d)?
1
Suppose 86 = 4*a + 6. What is the tens digit of a?
2
Let z be (-4)/6*(-1 + 4). Let c = z - -7. What is the units digit of c?
5
Let y(j) = j**3 + 3*j**2 - 3*j - 2. Let r be y(-2). Suppose 13*l - r*l - 25 = 0. What is the units digit of l?
5
Let d be (12/(-10))/(2/(-5)). Suppose -2*h + 22 = -0*h - 3*x, -d*h = -x - 47. What is the tens digit of h?
1
What is the tens digit of 360/16 - 2/4?
2
Suppose -77 = -2*y + 75. Suppose 0*b = -4*b + y. What is the units digit of b?
9
Suppose -2*l - 5*n = -31, 13 = l - 4*n + 6*n. Suppose -35 - 34 = -l*o. What is the tens digit of o?
2
Let p be 10/30*(0 - -3). What is the units digit of (-7)/21*(-105)/p?
5
Let x(n) = -n - 5. Let r = -8 - -4. Let o be x(r). What is the units digit of 8/(-10)*o*5?
4
Let g = -96 - -421. What is the hundreds digit of g?
3
Suppose -93 = -2*a - 3*a + s, a - 25 = -3*s. What is the tens digit of a?
1
Suppose -3*u + 129 - 18 = 0. Let s = u + -21. What is the tens digit of s?
1
Let n(z) = -4*z + 5*z + 1 - 3. Let y be n(4). Suppose -y*l + 5 = -l. What is the units digit of l?
5
Let t = -6 - -12. Let a be (-6)/(-9)*(-9)/(-2). Let o = t - a. What is the units digit of o?
3
Let f(a) = -a**2 + 17*a - 1. What is the tens digit of f(14)?
4
Let q(c) = 9*c - 3. Let a be q(2). What is the units digit of a - (-2 + 2 - -2)?
3
Let t be 1/(-2)*(1 - 3). Let m(s) = s**3 + s**2 - s. What is the units digit of m(t)?
1
Let w = 1 + 1. Suppose 4*o - w*r = -2 + 64, 2*r = -3*o + 57. What is the tens digit of o?
1
Let g(l) = 2*l**2 - 5*l + 3. What is the units digit of g(6)?
5
Suppose -o + 3 = -2. Suppose -o*i + 0*i + 15 = 5*d, -5*d + 2*i + 36 = 0. What is the units digit of d?
6
Suppose 883 - 253 = 2*q. What is the hundreds digit of q?
3
Suppose 11*r = 9*r + 22. What is the units digit of r?
1
Suppose -3*j = -2*j + 5*a + 6, -84 = 5*j - 2*a. Suppose h = 2*h + 2*u - 21, h - 3*u = 41. Let d = j + h. What is the tens digit of d?
1
Let d = -149 + 106. Let c = -23 - d. What is the units digit of c?
0
Let z(y) = y**3 - y**2 - y + 55. What is the tens digit of z(0)?
5
Suppose 12 = k - 2*k. Let o = k - -18. Suppose -o + 15 = 3*j. What is the units digit of j?
3
Let o(u) = -u**3 + u**2 + u + 40. Let h = -12 - -12. What is the units digit of o(h)?
0
Let v(f) = 6*f**2 - 10*f - 8. What is the hundreds digit of v(6)?
1
Let w be 220/10 + 3*1. Let u = w + 4. What is the tens digit of u?
2
Let c(u) = 2*u + 3. Let k be c(-3). Let o = k + 19. What is the tens digit of o?
1
Let x = -31 - -61. Suppose -3*v + x = 2*v. What is the tens digit of (4/v)/(2/36)?
1
Suppose p + p = 0. Let y = 17 - p. Let d = -12 + y. What is the units digit of d?
5
Let o(p) = 6*p**2 + 2*p - 7. What is the units digit of o(3)?
3
Let l(x) = x**3 - 4*x**2 - 6*x - 9. What is the units digit of l(6)?
7
Let j be (-36)/(-5)*(6 - 1). Let x = 16 - j. What is the units digit of x/3*24/(-10)?
6
Let k be 24/1*(-2 - -3). Suppose -2*t = -0*t - k. What is the tens digit of t?
1
What is the units digit of 5/((-4 + 0)/(-4))?
5
Let f = 0 + 3. Suppose -3*r = -9, 2*j + f*r - 39 = -3*j. What is the units digit of j?
6
Let a(m) = -3*m + 30. What is the units digit of a(-11)?
3
Let f(d) = -d**2 + 17*d. Let u be f(7). Let n = u - 40. What is the units digit of n?
0
Let j(y) = y**2 - 12*y. Let n be j(12). Suppose n = -k - 1 + 5. Suppose k*s + 2*g = -2*g + 28, g = 3*s - 41. What is the tens digit of s?
1
Suppose 15 = 3*q - 3. Let t(w) = -w**3 + 5*w**2 + 6*w + 7. Let p be t(q). Suppose p + 6 = o. What is the tens digit of o?
1
Suppose 5*w = -4*z + 4 + 12, 0 = -3*w + 5*z - 20. Let s = w + 3. Suppose 20 = 5*l - 3*x, -2*l + s = -3*l + 2*x. What is the units digit of l?
7
Let o be ((-4)/(-12))/(1/9). Let r be (2 + (-1)/(-1))*1. Suppose -v - 2 + 15 = 3*s, -o*s - r = -3*v. What is the units digit of s?
3
Let s be (-4)/10 - (-22)/5. Suppose -2*o = -4*w - 3*o, s*o = 5*w. What is the units digit of w - 2/3*-3?
2
Let f = 389 + 65. What is the units digit of f?
4
Let l(b) = -b**2 + 8*b - 7. Let y be l(7). Let i(r) = -r**2 + 85. Let o be i(y). Suppose 2*p + 3*p = o. What is the tens digit of p?
1
Let m = 215 - 113. Suppose -5*i + 3*h + 56 = -50, -m = -5*i + h. What is the units digit of i?
0
Let q be 1*16 - (-8)/4. Suppose 4*k + 9 = z + q, 0 = k - 4. What is the units digit of z?
7
Let p be (-4 + 3)/((-2)/(-6)). What is the units digit of 1*(-17)/(2 + p)?
7
Let f = 2 - 0. Suppose -16 = k - f*k. What is the units digit of k?
6
Let w be -8*(-2 - (2 - 0)). Let p be w/12*(-3)/(-2). Let u = -3 + p. What is the units digit of u?
1
Let j(l) = l + 1. Let n(o) = 5*o + 5. Let r(u) = 3*j(u) - n(u). Let i be 28/(-6) - 1/3. What is the units digit of r(i)?
8
Let g(t) = 13*t**2 + t**3 + 9*t + 0*t**3 + 0*t**3 + 4 - 3*t**2. What is the units digit of g(-9)?
4
Suppose -4*h - 5*r = -31, -5*r - 2 = -4*h - 1. Suppose -3*o = -p - 2 + 4, h*p - 3*o = 8. What is the units digit of p?
2
Suppose 965 = 37*l - 32*l. What is the units digit of l?
3
Let x(j) = -7*j - 2 - j**2 + 3*j - 3*j. Let z be x(-6). Suppose -2*h + 10 = 4*g, -4*h = -g + z*g. What is the units digit of g?
4
Let r(h) = -h**3 - h**2 - 2*h - 2. Let c be -2 - 2*(-2 - -3). Let o(m) = 2*m + 6. Let t be o(c). What is the units digit of r(t)?
6
Let n(f) = f + 4. Let p be n(5). Suppose 5*o + 27 = -4*a, -4*a - p = -3*o + 2*o. Let z = -2 - a. What is the units digit of z?
1
Let q = -14 - -8. Let g be -1*4/q*6. What is the units digit of 1/(-1)*(g + -12)?
8
Suppose -16 = -4*c, -5*r = -4*r + 2*c - 247. What is the tens digit of r?
3
Let s(x) = -4*x + 30. What is the units digit of s(-16)?
4
Let t = -5 + 4. What is the tens digit of t/(-3)*3*11?
1
Let t(f) = -f**2 - 8*f - 7. Let w be t(-7). Let z be -1 + 1 + (w - 0). Suppose z = 2*q - 4 - 14. What is the units digit of q?
9
Suppose 0 = -3*u + 2*r + 7, 2*u + r = -2*u + 13. Suppose u*w + 3 = 3*m, -m + 5 = -3*w + 4*w. What is the units digit of w?
2
Let u be (-2)/3*(-3)/2. Let v(i) = i + 3. Let a be v(-3). Let x = a + u. What is the units digit of x?
1
Let w(b) = 2*b - 18. Let g be 36/4*4/3. Let z be w(g). Suppose -z = -3*h + 21. What is the units digit of h?
9
Suppose 3*g = -2*g + 25. Suppose 5*k - 22 = 3*v, -g*v = -4*k - k + 20. What is the units digit of k?
5
Suppose 0 = 12*q - 14*q + 390. What is the units digit of q?
5
What is the tens digit of (-6069)/(-63) + 1 + (-1)/3?
9
Let s = 170 - 38. What is the tens digit of s?
3
What is the hundreds digit of (-4)/(6/3)*1544/(-16)?
1
Suppose -23*h + 308 = -22*h. What is the units digit of h?
8
Suppose 5*n + g + 122 = 353, 3*g = 3*n - 135. Suppose -5*f + n = -74. What is the units digit of f?
4
Suppose -3 - 1 = -n. Suppose -4*c + 0 = -n. What is the units digit of c?
1
Suppose -4*l = s + 16, 4*l - l = -2*s - 7. Suppose s*u = u + 60. Let c = -5 + u. What is the